{"id":8709,"date":"2025-06-29T12:28:29","date_gmt":"2025-06-29T18:28:29","guid":{"rendered":"https:\/\/myionica.com\/wordpress\/?post_type=product&#038;p=8709"},"modified":"2025-06-29T12:46:45","modified_gmt":"2025-06-29T18:46:45","slug":"abate-500e","status":"publish","type":"product","link":"https:\/\/myionica.com\/wordpress\/product\/abate-500e\/","title":{"rendered":"Abate  500E"},"content":{"rendered":"<p><span data-huuid=\"18027728924921441879\">Insecticida larvicida utilizado principalmente para el control de mosquitos, especialmente el\u00a0 Aedes aegypti<span class=\"M5tQyf\">,<\/span> vector del dengue. <\/span><span data-huuid=\"18027728924921440680\">Act\u00faa afectando el sistema nervioso de las larvas, causando par\u00e1lisis y muerte. <\/span><span data-huuid=\"18027728924921439481\">Se aplica en aguas estancadas, como recipientes, estanques, y otros lugares donde los mosquitos se reproducen.<\/span><\/p>\n<p>&nbsp;<\/p>\n<p>&nbsp;<\/p>\n","protected":false},"excerpt":{"rendered":"<p>Este insecticida se utiliza ampliamente para controlar mosquitos transmisores de enfermedades, su uso es m\u00e1s abundante en el sureste de M\u00e9xico particularmente en la \u00e9poca de lluvias.<\/p>\n","protected":false},"featured_media":8710,"comment_status":"open","ping_status":"closed","template":"","meta":[],"product_brand":[],"product_cat":[75],"product_tag":[76,80,79],"class_list":{"0":"post-8709","1":"product","2":"type-product","3":"status-publish","4":"has-post-thumbnail","6":"product_cat-insectidas","7":"product_tag-insecticida","8":"product_tag-larvicida","9":"product_tag-mosquitos","11":"first","12":"instock","13":"taxable","14":"shipping-taxable","15":"purchasable","16":"product-type-simple"},"_links":{"self":[{"href":"https:\/\/myionica.com\/wordpress\/wp-json\/wp\/v2\/product\/8709","targetHints":{"allow":["GET"]}}],"collection":[{"href":"https:\/\/myionica.com\/wordpress\/wp-json\/wp\/v2\/product"}],"about":[{"href":"https:\/\/myionica.com\/wordpress\/wp-json\/wp\/v2\/types\/product"}],"replies":[{"embeddable":true,"href":"https:\/\/myionica.com\/wordpress\/wp-json\/wp\/v2\/comments?post=8709"}],"wp:featuredmedia":[{"embeddable":true,"href":"https:\/\/myionica.com\/wordpress\/wp-json\/wp\/v2\/media\/8710"}],"wp:attachment":[{"href":"https:\/\/myionica.com\/wordpress\/wp-json\/wp\/v2\/media?parent=8709"}],"wp:term":[{"taxonomy":"product_brand","embeddable":true,"href":"https:\/\/myionica.com\/wordpress\/wp-json\/wp\/v2\/product_brand?post=8709"},{"taxonomy":"product_cat","embeddable":true,"href":"https:\/\/myionica.com\/wordpress\/wp-json\/wp\/v2\/product_cat?post=8709"},{"taxonomy":"product_tag","embeddable":true,"href":"https:\/\/myionica.com\/wordpress\/wp-json\/wp\/v2\/product_tag?post=8709"}],"curies":[{"name":"wp","href":"https:\/\/api.w.org\/{rel}","templated":true}]}}